s the units digit of d?
0
Suppose -4*c + 71 = -57. What is the units digit of c?
2
Let w = 5 - 1. Suppose -w*z = -z - 6. What is the units digit of z?
2
Suppose -y + 4*y = 12. Suppose -y*s - 10 = -3*s. Let t(p) = -p**2 - 9*p + 11. What is the units digit of t(s)?
1
Suppose 0 = -4*d - 1 - 7. Let v be (d/(-4))/((-3)/(-12)). What is the units digit of (3/v)/(1/4)?
6
Let b = 64 + 65. What is the hundreds digit of b?
1
Let l be 6*(1 - (-3)/(-6)). Suppose -l = -0*d - 3*d. What is the units digit of d?
1
Let l(z) = -3*z + 16. What is the tens digit of l(-11)?
4
Let c = -15 - -9. What is the tens digit of (-3 - c/3) + 14?
1
Let f(u) = -u**3. Let t(a) = -2*a**3 - 2*a**2 - 2*a - 1. Let r(h) = -2*f(h) - t(h). Let c be r(-1). What is the units digit of (-3 + (c - -3))*-3?
9
Let v = 155 - 123. What is the units digit of v?
2
Let n = 240 - 111. What is the tens digit of n?
2
Let h = 25 - 23. Suppose 3*r = -2*c + 4, -11 = -4*r - 2*c - 3. Suppose -h*i = -r*i + 12. What is the units digit of i?
6
Suppose 2*y - 12 = -y. Let i = 8 - y. Suppose 4*u = c + 15, 7*c - u = i*c - 1. What is the units digit of c?
1
Suppose 26 = -5*y + 6. What is the units digit of y/((-8)/30) - -1?
6
What is the tens digit of (3 - -8) + -4 + 7?
1
Suppose -3 = 5*s - 3*t + 2, -5*t - 25 = 0. What is the units digit of (12/5)/s*-15?
9
Suppose -3*f - 5*r = -28, -24 = -3*f - 3*r - 0*r. What is the units digit of f?
6
Let m(u) = u**3 + 7*u**2 - 2. Let h be m(-7). Let k be ((-3)/2)/3*h. Let n = k + 13. What is the tens digit of n?
1
Suppose 6*q - 413 = 127. What is the tens digit of q?
9
Suppose c - 4 = g, 3*c + 7 = -2*c - 4*g. Let a(j) = -2 + c - 13*j + 15*j. What is the tens digit of a(6)?
1
Let o be (7 + -2)*-1 + 0. Let p = 4 + o. What is the units digit of (2 + -2 - 1)*p?
1
Let m(h) = h. Let r be m(3). Suppose -r*y + 37 = -50. What is the units digit of y?
9
Let t(p) = -p + 2. Let m be t(3). Let n = 15 + m. Let l = n + -9. What is the units digit of l?
5
Let d be 2 - 0*(1 - 2). Suppose 0 = d*p + 3*p - 140. What is the units digit of p?
8
Suppose -3*f = 4*g - 1, -7*g + 2*g = 4*f. Let m be (-7)/3*(2 - 5). Let x = m - g. What is the units digit of x?
3
Suppose 3*t - 8 = t. Suppose 4*a - a - 74 = -4*d, 2*d = t*a - 62. Let l = -11 + a. What is the units digit of l?
7
Suppose -6*g + 438 = -0*g. What is the tens digit of g?
7
Suppose 4*c - 100 = 4*u, -5*u + 2 = 2*c - 55. Let b = c - 18. What is the units digit of b?
8
Suppose -4*q + 30 = q. Let v(s) = s**2 - 2*s. Let z(p) = p. Let l(n) = q*z(n) - v(n). What is the units digit of l(7)?
7
Suppose 7*l - 6*l = 129. What is the hundreds digit of l?
1
Suppose -6 + 81 = 3*n. Let g = -23 + n. What is the units digit of g?
2
Suppose -4*u + 3*u + 13 = 0. Suppose -4*o - 32 = -3*h + h, 0 = 2*o + 3*h + 24. Let l = u + o. What is the units digit of l?
4
Let x = -39 - -18. Let w = 26 - -4. Let v = x + w. What is the units digit of v?
9
Let d(l) be the second derivative of -l**4/24 + 2*l**3/3 - l**2 + l. Let x(k) be the first derivative of d(k). What is the units digit of x(0)?
4
Suppose 8 = v - t, -3*v + 5*t - 10 + 32 = 0. Suppose 0 = 3*y + v - 75. What is the units digit of y?
2
What is the units digit of (2*34)/(5 + -10 - -7)?
4
Let x be 9/(-6)*10/3. What is the tens digit of (4/x)/((-3)/75)?
2
Suppose 4*u - j - 8 = 8*u, 2*j + 3 = 5*u. What is the units digit of (6*-4)/u - -2?
6
Let i(b) = -b**2 - 8*b - 8. Let s be i(-6). Suppose -z + 5 = s*u, -10 = -4*u - 2*z - 4. What is the units digit of u?
1
Let c be (-1)/4 + 25/4. Suppose -c*y + 3*y = -15. Suppose 7 = 6*p - y*p. What is the units digit of p?
7
Let i = 8 + 1. What is the units digit of i?
9
Suppose 0 = 2*p + 5*k + 8, -2*k - 26 = -5*p + 12. Let c(h) = 2*h - 2. What is the units digit of c(p)?
0
Suppose -3*l - 3*b - 27 = -9, -5*b - 6 = -l. Let t be 0/(-2)*(-2)/l. Suppose t = f - 0*f - 14. What is the units digit of f?
4
Let i(t) = t**2 + 4*t - 6. What is the units digit of i(-6)?
6
What is the tens digit of 1/(-6) - (-2 + 3153/(-18))?
7
Let g = 369 - 260. What is the units digit of g?
9
Let a(t) = t**2 + 5*t + 6. Let s(j) = -4*j**2 - 1. Suppose -2*q + 3*k - 7 = 0, -3*q - 3*k = -4*k. Let h be s(q). What is the units digit of a(h)?
6
Let h(z) = z**2 + 1. Let u be h(-2). Let l = 18 + -9. Suppose l = u*t - 11. What is the units digit of t?
4
Let l be 1*10 + (-14)/7. Let h = l + -5. Suppose -z - 40 = -h*g - 2*g, 0 = 4*g + 3*z - 51. What is the units digit of g?
9
Let h = -194 + 358. What is the units digit of h?
4
Let v(r) be the second derivative of r**4/12 - r**3/3 + r**2/2 + 2*r. Let w be v(-2). Let n = w - 0. What is the units digit of n?
9
Let g(y) = -y**3 + 3*y**2 - 4*y + 2. Let n be g(2). Let x be (-2)/4 + n/(-4). Suppose 7*r - 2*r - 2*c - 81 = x, 5*r = -4*c + 63. What is the tens digit of r?
1
What is the units digit of (-1368)/(-20) - (-2)/(-5)?
8
Let s(d) = -d**2 + 12*d - 14. Let c(r) = 2*r**3 - r**2 - 2. Let h be c(2). Let i be s(h). Suppose -4*k = -k - i. What is the units digit of k?
2
Let g(q) = 7*q - 1. Let i be g(1). What is the units digit of ((-189)/18)/(i/(-8))?
4
Suppose 2*c + 160 = -4*m, 2*c - 4*c = -5*m + 178. What is the tens digit of (c/(-15))/(4/10)?
1
Suppose -6 = -d - 0*d. Let c = d + -1. What is the units digit of c?
5
Let a be -1 + (-12)/(-2) + -1. Suppose -a*q - 32 = -2*y, 5*q + 145 = 5*y + 45. What is the units digit of y?
4
Let b be 2/(-5) - (-168)/20. Let c be 4/b + (-9)/2. What is the units digit of c/2*3/(-2)?
3
Suppose -3*p - k - 147 = -7*p, -75 = -2*p + k. What is the tens digit of p?
3
Let s(h) = 10*h + 31. What is the hundreds digit of s(12)?
1
Suppose 0 = 5*f + 8 + 17, -2*z + 2*f + 30 = 0. Let b(i) = -i**3 + 9*i**2 + 14*i + 8. What is the tens digit of b(z)?
4
Let h(v) = v**3 - 6*v**2 - 6*v + 3. Let j be h(7). Let l be 8/(-36) + (-40)/(-18). Suppose m = l*m - j. What is the units digit of m?
0
Let z(w) = 229*w**3 + 3*w**2 - 1. What is the units digit of z(1)?
1
Let u(f) = -3*f - 2*f + 1 + f**2 + 6*f - 2*f. Let a(i) = 2*i**2 - 2*i + 11. Let p(q) = a(q) - 3*u(q). What is the units digit of p(0)?
8
Let y(z) = 4*z**3 + z**2 + z - 2. Let v be y(-2). Let u = v - -47. What is the units digit of u?
5
Let o = -10 - -20. Suppose 2*b + 0*b = o. What is the units digit of b?
5
Suppose p - 2 - 2 = 0. Suppose -p*b = -0*b - 76. What is the tens digit of b?
1
Let a(o) = -o. Let k(p) = 6*p. Let r(g) = 11*a(g) + 2*k(g). Let h be r(0). Suppose h = 4*q - 7*q + 15. What is the units digit of q?
5
Suppose 0 = 2*u + 4*a - 44, -3*a - 16 = -3*u + u. What is the tens digit of u?
1
Suppose -3*l + 155 = 2*l + 3*o, 4*o = 2*l - 36. What is the tens digit of (-2)/7 - (-316)/l?
1
Let c = -19 + 13. Let g = 2 - c. Suppose -4*n + 5*n - g = p, 10 = n - 2*p. What is the units digit of n?
6
Let b be (-2)/2*-6 - 0. Let z be (b/(-4))/((-6)/16). Suppose 0 = 5*w - z*w - 5. What is the units digit of w?
5
What is the units digit of (1 - -9)/(3/9)?
0
Let l = 2 + 1. Let w = l - -6. What is the units digit of w?
9
Suppose 0 = 3*y - 6*y + 87. What is the tens digit of y?
2
Suppose -2 = -4*p + 10. Let i be 3/9 + 46/6. Suppose i*n = p*n + 35. What is the units digit of n?
7
Let q be 2 - (-1)/2*-2. What is the units digit of 9/9 + 4*q?
5
Let d = 139 - 25. What is the tens digit of d?
1
Let g(w) = w**3 - 6*w**2 - 12*w + 1. What is the units digit of g(8)?
3
Let p(z) = z**3 - 13*z**2 - 8*z - 2. Let x be p(14). Let g = x + -25. What is the units digit of g?
7
Let r(x) = x**3 - 5*x**2 - 6*x + 3. Let v be r(6). Suppose -36 = -v*g - 0. What is the units digit of g?
2
Let u(y) = y**2 + 2*y + 1. Let x = -12 + 6. What is the tens digit of u(x)?
2
What is the tens digit of (-8 - -8) + (254 - 0) - 1?
5
Suppose 64 - 19 = 5*x. What is the units digit of 8/(-6)*x/(-6)?
2
Let i = 84 + -45. What is the tens digit of i?
3
Suppose o - 22 = 5*c, -2*c + c - 4 = 0. Let f(m) = -m**3 - m**2 + m + 1. Let t be f(-1). Suppose s + s = -3*b + o, -s - 2*b = t. What is the units digit of s?
4
Let y(u) = 2*u + 3. Let i(w) = -w - 3. Let v(f) = 3*i(f) + 2*y(f). What is the units digit of v(9)?
6
What is the units digit of (-2 - (-48)/(-9))/((-2)/33)?
1
Let u(y) = y**3 - y**2 - 5*y. What is the tens digit of u(4)?
2
Let m(b) = -b**2 + 2*b + 5. Let t be m(-5). What is the tens digit of ((-2)/(-5))/((-1)/t)?
1
Suppose 4*v - 2*v = -d - 4, -5*v - 15 = 5*